t of 3547078?
7
What is the ten thousands digit of 58874?
5
What is the ten thousands digit of 800215?
0
What is the tens digit of 8740603?
0
What is the hundreds digit of 12449957?
9
What is the millions digit of 1425627?
1
What is the tens digit of 3726184?
8
What is the hundreds digit of 600810?
8
What is the ten thousands digit of 2940926?
4
What is the ten thousands digit of 259379?
5
What is the hundreds digit of 135946?
9
What is the units digit of 4799070?
0
What is the thousands digit of 474389?
4
What is the hundred thousands digit of 39058973?
0
What is the ten thousands digit of 795297?
9
What is the hundreds digit of 45149?
1
What is the hundred thousands digit of 1030694?
0
What is the tens digit of 19233565?
6
What is the hundred thousands digit of 4864082?
8
What is the hundred thousands digit of 1814557?
8
What is the tens digit of 103939?
3
What is the tens digit of 2760962?
6
What is the millions digit of 28748399?
8
What is the units digit of 1350141?
1
What is the tens digit of 149823?
2
What is the tens digit of 96756?
5
What is the hundred thousands digit of 1738224?
7
What is the tens digit of 929305?
0
What is the tens digit of 56494?
9
What is the hundred thousands digit of 5804699?
8
What is the ten thousands digit of 2502938?
0
What is the hundred thousands digit of 164603?
1
What is the units digit of 1478442?
2
What is the units digit of 114284?
4
What is the hundreds digit of 596696?
6
What is the units digit of 15913344?
4
What is the tens digit of 412949?
4
What is the tens digit of 235820?
2
What is the thousands digit of 11112854?
2
What is the tens digit of 6061197?
9
What is the hundred thousands digit of 11029934?
0
What is the tens digit of 551455?
5
What is the hundred thousands digit of 215830?
2
What is the units digit of 297341?
1
What is the hundreds digit of 775583?
5
What is the thousands digit of 772785?
2
What is the millions digit of 35701038?
5
What is the hundreds digit of 1287291?
2
What is the thousands digit of 463306?
3
What is the hundred thousands digit of 694189?
6
What is the tens digit of 3172225?
2
What is the thousands digit of 3537541?
7
What is the hundreds digit of 1751000?
0
What is the tens digit of 2750397?
9
What is the thousands digit of 4465565?
5
What is the units digit of 235224?
4
What is the units digit of 13001111?
1
What is the hundreds digit of 96090?
0
What is the hundreds digit of 1003426?
4
What is the hundreds digit of 636451?
4
What is the hundreds digit of 11803651?
6
What is the hundreds digit of 11196884?
8
What is the hundreds digit of 1054825?
8
What is the hundred thousands digit of 3614807?
6
What is the thousands digit of 2642681?
2
What is the units digit of 2410841?
1
What is the thousands digit of 19690927?
0
What is the thousands digit of 165947?
5
What is the thousands digit of 5259348?
9
What is the tens digit of 1590600?
0
What is the hundred thousands digit of 11116616?
1
What is the thousands digit of 106605?
6
What is the hundreds digit of 529247?
2
What is the thousands digit of 1583726?
3
What is the units digit of 88265?
5
What is the hundreds digit of 311?
3
What is the ten thousands digit of 357673?
5
What is the hundreds digit of 11694007?
0
What is the hundreds digit of 1067051?
0
What is the hundreds digit of 494068?
0
What is the units digit of 7699299?
9
What is the millions digit of 34344655?
4
What is the tens digit of 173211?
1
What is the units digit of 783254?
4
What is the hundred thousands digit of 482782?
4
What is the hundred thousands digit of 1358152?
3
What is the ten thousands digit of 113332?
1
What is the hundreds digit of 6088593?
5
What is the thousands digit of 575047?
5
What is the units digit of 97650?
0
What is the units digit of 3234137?
7
What is the hundreds digit of 271091?
0
What is the ten thousands digit of 208427?
0
What is the hundreds digit of 29915?
9
What is the hundred thousands digit of 875183?
8
What is the units digit of 324102?
2
What is the tens digit of 1993328?
2
What is the hundreds digit of 284191?
1
What is the thousands digit of 16534200?
4
What is the hundred thousands digit of 1255981?
2
What is the thousands digit of 303417?
3
What is the hundreds digit of 277531?
5
What is the units digit of 78940?
0
What is the tens digit of 426459?
5
What is the units digit of 17806?
6
What is the hundred thousands digit of 602149?
6
What is the millions digit of 12495511?
2
What is the hundreds digit of 36191354?
3
What is the units digit of 9521?
1
What is the hundred thousands digit of 3135896?
1
What is the tens digit of 2316991?
9
What is the hundred thousands digit of 1141876?
1
What is the thousands digit of 851280?
1
What is the thousands digit of 1065989?
5
What is the units digit of 142522?
2
What is the hundreds digit of 290924?
9
What is the units digit of 3214801?
1
What is the units digit of 11698?
8
What is the thousands digit of 38469115?
9
What is the tens digit of 765014?
1
What is the hundred thousands digit of 387997?
3
What is the units digit of 1406697?
7
What is the hundreds digit of 78072?
0
What is the units digit of 649374?
4
What is the units digit of 941486?
6
What is the ten thousands digit of 922992?
2
What is the units digit of 364814?
4
What is the ten thousands digit of 139191?
3
What is the ten thousands digit of 525558?
2
What is the hundreds digit of 1916775?
7
What is the units digit of 464398?
8
What is the thousands digit of 4262634?
2
What is the ten thousands digit of 1770726?
7
What is the thousands digit of 563331?
3
What is the hundreds digit of 1215753?
7
What is the thousands digit of 382091?
2
What is the thousands digit of 17522545?
2
What is the thousands digit of 1599245?
9
What is the ten thousands digit of 16264593?
6
What is the ten thousands digit of 437848?
3
What is the hundred thousands digit of 2679764?
6
What is the ten thousands digit of 1027299?
2
What is the units digit of 163183?
3
What is the units digit of 536764?
4
What is the hundreds digit of 1654802?
8
What is the thousands digit of 897064?
7
What is the units digit of 17775?
5
What is the tens digit of 5398190?
9
What is the ten thousands digit of 36835290?
3
What is the units digit of 115942?
2
What is the ten thousands digit of 4871454?
7
What is the hundreds digit of 3541817?
8
What is the ten thousands digit of 928890?
2
What is the hundreds digit of 9102525?
5
What is the units digit of 3234343?
3
What is the hundreds digit of 587149?
1
What is the ten thousands digit of 1176062?
7
What is the hundreds digit of 634589?
5
What is the thousands digit of 148389?
8
What is the thousands digit of 4842594?
2
What is the hundreds digit of 212469?
4
What is the units digit of 168087?
7
What is the thousands digit of 6241204?
1
What is the hundred thousands digit of 288481?
2
What is the millions digit of 2207980?
2
What is the thousands digit of 332172?
2
What is the units digit of 969875?
5
What is the hundreds digit of 4522712?
7
What is the hundreds digit of 7202325?
3
What is the thousands digit of 898118?
8
What is the thousands digit of 229097?
9
What is the units digit of 88334?
4
What is the hundred thousands digit of 3707097?
7
What is the hundreds digit of 188089?
0
What is the hundred thousands digit of 151537?
1
What is the ten thousands digit of 30600612?
0
What is the hundred thousands digit of 4915770?
9
What is the thousands digit of 47223?
7
What is the hundred thousands digit of 1989725?
9
What is the hundreds digit of 66303?
3
What is the thousands digit of 173953?
3
What is the hundred thousands digit of 3065880?
0
What is the tens digit of 184907?
0
What is the ten millions digit of 19539134?
1
What is the units digit of 1123960?
0
What is the ten thousands digit of 366172?
6
What is the thousands digit of 6008106?
8
What is the units digit of 607573?
3
What is the tens digit of 8648366?
6
What is the ten millions digit of 10317209?
1
What is the thousands digit of 1174826?
4
What is the thousands digit of 13409789?
9
What is the ten thousands digit of 1389392?
8
What is the hundred thousands digit of 393998?
3
What is the ten thousands digit of 108667?
0
What is the thousands digit of 23148822?
8
What is the thousands digit of 330265?
0
What is the hundred th